{"id":9,"date":"2016-02-17T21:04:02","date_gmt":"2016-02-17T21:04:02","guid":{"rendered":"http:\/\/kanzlei-henrich.de\/?page_id=9"},"modified":"2024-08-14T11:45:20","modified_gmt":"2024-08-14T11:45:20","slug":"ruth-henrich","status":"publish","type":"page","link":"http:\/\/kanzlei-henrich.de\/?page_id=9","title":{"rendered":"Ruth Henrich"},"content":{"rendered":"<p><img decoding=\"async\" loading=\"lazy\" class=\"wp-image-195 size-medium alignright\" src=\"http:\/\/kanzlei-henrich.de\/wp-content\/uploads\/2016\/02\/Henrich2-300x212.png\" width=\"300\" height=\"212\" srcset=\"http:\/\/kanzlei-henrich.de\/wp-content\/uploads\/2016\/02\/Henrich2-300x212.png 300w, http:\/\/kanzlei-henrich.de\/wp-content\/uploads\/2016\/02\/Henrich2-768x543.png 768w, http:\/\/kanzlei-henrich.de\/wp-content\/uploads\/2016\/02\/Henrich2.png 942w\" sizes=\"(max-width: 300px) 100vw, 300px\" \/><\/p>\n<p><strong>Rechtsanw\u00e4ltin<\/strong><\/p>\n<ul>\n<li>Fachanw\u00e4ltin f\u00fcr Bau\u2010 und Architektenrecht<\/li>\n<\/ul>\n<p><strong>Studium der Rechtswissenschaften<\/strong><\/p>\n<ul>\n<li>Universit\u00e4t des Saarlandes<\/li>\n<li>Freie Universit\u00e4t Berlin<\/li>\n<li>Eberhard Karls Universit\u00e4t T\u00fcbingen<\/li>\n<li>Erste juristische Staatspr\u00fcfung<\/li>\n<\/ul>\n<p style=\"padding-left: 30px;\">Universit\u00e4t T\u00fcbingen Dezember 1981<\/p>\n<ul>\n<li>Zweite juristische Staatspr\u00fcfung<\/li>\n<\/ul>\n<p style=\"padding-left: 30px;\">Baden\u2010W\u00fcrttemberg nach Elternzeit Januar 1986<\/p>\n<p><strong>Berufliche Aktivit\u00e4ten<\/strong><\/p>\n<ul>\n<li>Freie Mitarbeit in verschiedenen Kanzleien seit 1986<\/li>\n<li>Als Rechtsanw\u00e4ltin t\u00e4tig seit 1987, stets mit dem Schwerpunkt Bau\u2010 und Architektenrecht (Referatsleitung)<\/li>\n<li>Selbstst\u00e4ndige Rechtsanw\u00e4ltin seit 1994<\/li>\n<li>Gr\u00fcndung der Kanzlei in der Kaiserstra\u00dfe 18 in St. Ingbert im Jahr 1998<\/li>\n<li>Verleihung der Befugnis zum F\u00fchren der Bezeichnung &#8211; Fachanw\u00e4ltin f\u00fcr Familienrecht Dezember 2001<\/li>\n<li>Verleihung der Befugnis zum F\u00fchren der Bezeichnung &#8211; Fachanw\u00e4ltin f\u00fcr Bau\u2010 und Architektenrecht Dezember 2008<\/li>\n<li>Lehrbeauftragte an der Hochschule f\u00fcr Technik und Wirtschaft (HTW) des Saarlandes von Sommersemester 2004 im Fach Grundlagen des Bauplanungsrechts an der Fakult\u00e4t f\u00fcr Architektur und Bauingenieurwesen bis Wintersemester 2021\/2022<\/li>\n<\/ul>\n<p><strong>Mitgliedschaften<\/strong><\/p>\n<p>Mitglied im DAV und der arge baurecht <strong>Arbeitsgemeinschaft f\u00fcr Bau\u2010 und Immobilienrecht<\/strong> im Deutschen AnwaltVerein<\/p>\n<p style=\"padding-left: 30px;\">In der ARGE Baurecht haben sich die Fachanw\u00e4lte f\u00fcr Bau- und Immobilienrecht des Deutschen Anwaltvereins zusammengeschlossen. Derzeit geh\u00f6ren der ARGE Baurecht rund 3.000 Rechtsanw\u00e4ltinnen und Rechtsanw\u00e4lte an. Damit ist die ARGE Baurecht der gr\u00f6\u00dfte Berufsverband von baurechtlich spezialisierten Rechtsanw\u00e4lten in Deutschland und Europa.<\/p>\n","protected":false},"excerpt":{"rendered":"<p>Rechtsanw\u00e4ltin Fachanw\u00e4ltin f\u00fcr Bau\u2010 und Architektenrecht Studium der Rechtswissenschaften Universit\u00e4t des Saarlandes Freie Universit\u00e4t Berlin Eberhard Karls Universit\u00e4t T\u00fcbingen Erste juristische Staatspr\u00fcfung Universit\u00e4t T\u00fcbingen Dezember 1981 Zweite juristische Staatspr\u00fcfung Baden\u2010W\u00fcrttemberg nach Elternzeit Januar 1986 Berufliche Aktivit\u00e4ten Freie Mitarbeit in verschiedenen Kanzleien seit 1986 Als Rechtsanw\u00e4ltin t\u00e4tig seit 1987, stets mit dem Schwerpunkt Bau\u2010 und Architektenrecht [&hellip;]<\/p>\n","protected":false},"author":1,"featured_media":193,"parent":0,"menu_order":0,"comment_status":"closed","ping_status":"closed","template":"","meta":{"footnotes":""},"_links":{"self":[{"href":"http:\/\/kanzlei-henrich.de\/index.php?rest_route=\/wp\/v2\/pages\/9"}],"collection":[{"href":"http:\/\/kanzlei-henrich.de\/index.php?rest_route=\/wp\/v2\/pages"}],"about":[{"href":"http:\/\/kanzlei-henrich.de\/index.php?rest_route=\/wp\/v2\/types\/page"}],"author":[{"embeddable":true,"href":"http:\/\/kanzlei-henrich.de\/index.php?rest_route=\/wp\/v2\/users\/1"}],"replies":[{"embeddable":true,"href":"http:\/\/kanzlei-henrich.de\/index.php?rest_route=%2Fwp%2Fv2%2Fcomments&post=9"}],"version-history":[{"count":36,"href":"http:\/\/kanzlei-henrich.de\/index.php?rest_route=\/wp\/v2\/pages\/9\/revisions"}],"predecessor-version":[{"id":333,"href":"http:\/\/kanzlei-henrich.de\/index.php?rest_route=\/wp\/v2\/pages\/9\/revisions\/333"}],"wp:featuredmedia":[{"embeddable":true,"href":"http:\/\/kanzlei-henrich.de\/index.php?rest_route=\/wp\/v2\/media\/193"}],"wp:attachment":[{"href":"http:\/\/kanzlei-henrich.de\/index.php?rest_route=%2Fwp%2Fv2%2Fmedia&parent=9"}],"curies":[{"name":"wp","href":"https:\/\/api.w.org\/{rel}","templated":true}]}}